{"id":7,"date":"2016-01-13T19:47:48","date_gmt":"2016-01-13T19:47:48","guid":{"rendered":"http:\/\/www.uelihofer.ch\/?page_id=7"},"modified":"2024-04-21T16:50:55","modified_gmt":"2024-04-21T16:50:55","slug":"ueli-hofer","status":"publish","type":"page","link":"https:\/\/www.uelihofer.ch\/?page_id=7","title":{"rendered":"Ueli Hofer"},"content":{"rendered":"<p style=\"text-align: left;\">Ueli Hofer wurde 1952 in L\u00fctiwil geboren, im Emmental, wo ihn die Natur zu sch\u00f6pferischer T\u00e4tigkeit anregte. Nach der Pr\u00fcfung zum B\u00e4cker-Konditorenmeister schlug Ueli Hofer schon bald einen k\u00fcnstlerischen Weg ein. Erste Kleinode geschnittenen Papiers entstanden und in kurzer Zeit zeugten erfolgreiche Ausstellungen im In- und Ausland vom grossen K\u00f6nnen des Autodidakten.<\/p>\n<p style=\"text-align: left;\"><a href=\"http:\/\/www.uelihofer.ch\/wp-content\/uploads\/2016\/01\/kunstgeschichten.jpg\" rel=\"attachment wp-att-11\"><img loading=\"lazy\" decoding=\"async\" class=\"alignnone size-medium wp-image-11\" src=\"http:\/\/www.uelihofer.ch\/wp-content\/uploads\/2016\/01\/kunstgeschichten-300x196.jpg\" alt=\"kunstgeschichten\" width=\"300\" height=\"196\" srcset=\"https:\/\/www.uelihofer.ch\/wp-content\/uploads\/2016\/01\/kunstgeschichten-300x196.jpg 300w, https:\/\/www.uelihofer.ch\/wp-content\/uploads\/2016\/01\/kunstgeschichten-230x150.jpg 230w, https:\/\/www.uelihofer.ch\/wp-content\/uploads\/2016\/01\/kunstgeschichten-350x229.jpg 350w, https:\/\/www.uelihofer.ch\/wp-content\/uploads\/2016\/01\/kunstgeschichten.jpg 435w\" sizes=\"auto, (max-width: 300px) 100vw, 300px\" \/><\/a><\/p>\n<p style=\"text-align: left;\">\u00d6ffnet Ueli Hofer heute seine Ateliert\u00fcren, weht daraus ein Wind von langem, entwicklungsreichem k\u00fcnstlerischem Schaffen. Spritziges, Unkonventionelles findet der Besucher in Form von Collagen. In ihnen l\u00e4sst Hofer alles zu, vom Rost des Lebens bis zum letzten Wort.<\/p>\n<p style=\"text-align: left;\">In diese Richtung neu inspiriert hat ihn ein halbj\u00e4hriger Aufenthalt in New York, den er im Jahr 03 als Kulturpreis des Kantons Bern empfangen konnte. Das Pulsierende dieser Stadt und das Finden von Merkw\u00fcrdigkeiten in materieller und geistiger Richtung liessen ihn Idee um Idee umsetzen, so entstand zum Beispiel t\u00e4glich ein spontanes Bild. Dem Spektrum von Kuriosit\u00e4t bis zu tiefgr\u00fcndiger menschlicher Erfahrung setzt Ueli Hofer nie Grenzen, alles darf sich zeigen und kombinieren. In dieser Weise erschafft Hofer auch seine Skulpturen aus Alteisen. Da werden grobe Haken mit feingeschwungenem Gitterwerk oder Figuren zusammen zu Objekten geschweisst, die noch Ewigkeiten \u00fcberdauern werden.a<\/p>\n<p style=\"text-align: left;\">An Ausstellungen trifft man aber neben modernen Techniken auch immer wieder auf Scherenschnitte. Seiner eigenen Tradition treu bleibend, komponiert Ueli Hofer mit der Schere feinste und kostbarste Werke geschnittenen Papiers. Ausdrucksstark, mystisch und von unglaublicher Sch\u00f6nheit zeigt sich da das k\u00fcnstlerische Empfinden Hofers in Genauigkeit und es widerspiegelt das K\u00f6nnen jahrelangen Eintauchens. Zentrale Themen und Fragen der menschlichen Psyche zwischen Leben, Traum und Tod werden in die Formen und die Vollkommenheit der Natur eingebettet.<\/p>\n<p style=\"text-align: left;\">Im Atelier Ueli Hofers findet man die gekonnte Paarung von langer Geschichte mit zeitgen\u00f6ssischer Pr\u00e4senz.<\/p>\n<p style=\"text-align: left;\"><a href=\"http:\/\/www.uelihofer.ch\/?page_id=15\">Franz\u00f6sische Version \/ version fran\u00e7aise<\/a><\/p>\n\n\n<figure class=\"wp-block-image size-large\"><a href=\"http:\/\/www.uelihofer.ch\/wp-content\/uploads\/2023\/10\/Ueli-Hofer-2023-scaled.jpg\"><img loading=\"lazy\" decoding=\"async\" width=\"683\" height=\"1024\" src=\"http:\/\/www.uelihofer.ch\/wp-content\/uploads\/2023\/10\/Ueli-Hofer-2023-683x1024.jpg\" alt=\"\" class=\"wp-image-1042\" srcset=\"https:\/\/www.uelihofer.ch\/wp-content\/uploads\/2023\/10\/Ueli-Hofer-2023-683x1024.jpg 683w, https:\/\/www.uelihofer.ch\/wp-content\/uploads\/2023\/10\/Ueli-Hofer-2023-200x300.jpg 200w, https:\/\/www.uelihofer.ch\/wp-content\/uploads\/2023\/10\/Ueli-Hofer-2023-768x1152.jpg 768w, https:\/\/www.uelihofer.ch\/wp-content\/uploads\/2023\/10\/Ueli-Hofer-2023-1024x1536.jpg 1024w, https:\/\/www.uelihofer.ch\/wp-content\/uploads\/2023\/10\/Ueli-Hofer-2023-1365x2048.jpg 1365w, https:\/\/www.uelihofer.ch\/wp-content\/uploads\/2023\/10\/Ueli-Hofer-2023-1000x1500.jpg 1000w, https:\/\/www.uelihofer.ch\/wp-content\/uploads\/2023\/10\/Ueli-Hofer-2023-230x345.jpg 230w, https:\/\/www.uelihofer.ch\/wp-content\/uploads\/2023\/10\/Ueli-Hofer-2023-350x525.jpg 350w, https:\/\/www.uelihofer.ch\/wp-content\/uploads\/2023\/10\/Ueli-Hofer-2023-480x720.jpg 480w, https:\/\/www.uelihofer.ch\/wp-content\/uploads\/2023\/10\/Ueli-Hofer-2023-scaled.jpg 1707w\" sizes=\"auto, (max-width: 683px) 100vw, 683px\" \/><\/a><\/figure>\n","protected":false},"excerpt":{"rendered":"<p>Ueli Hofer wurde 1952 in L\u00fctiwil geboren, im Emmental, wo ihn die Natur zu sch\u00f6pferischer T\u00e4tigkeit anregte. Nach der Pr\u00fcfung zum B\u00e4cker-Konditorenmeister [&hellip;]<\/p>\n","protected":false},"author":1,"featured_media":0,"parent":0,"menu_order":0,"comment_status":"closed","ping_status":"closed","template":"page-templates\/page_fullwidth.php","meta":{"footnotes":""},"class_list":["post-7","page","type-page","status-publish","hentry"],"_links":{"self":[{"href":"https:\/\/www.uelihofer.ch\/index.php?rest_route=\/wp\/v2\/pages\/7","targetHints":{"allow":["GET"]}}],"collection":[{"href":"https:\/\/www.uelihofer.ch\/index.php?rest_route=\/wp\/v2\/pages"}],"about":[{"href":"https:\/\/www.uelihofer.ch\/index.php?rest_route=\/wp\/v2\/types\/page"}],"author":[{"embeddable":true,"href":"https:\/\/www.uelihofer.ch\/index.php?rest_route=\/wp\/v2\/users\/1"}],"replies":[{"embeddable":true,"href":"https:\/\/www.uelihofer.ch\/index.php?rest_route=%2Fwp%2Fv2%2Fcomments&post=7"}],"version-history":[{"count":5,"href":"https:\/\/www.uelihofer.ch\/index.php?rest_route=\/wp\/v2\/pages\/7\/revisions"}],"predecessor-version":[{"id":1056,"href":"https:\/\/www.uelihofer.ch\/index.php?rest_route=\/wp\/v2\/pages\/7\/revisions\/1056"}],"wp:attachment":[{"href":"https:\/\/www.uelihofer.ch\/index.php?rest_route=%2Fwp%2Fv2%2Fmedia&parent=7"}],"curies":[{"name":"wp","href":"https:\/\/api.w.org\/{rel}","templated":true}]}}

<p style="text-align: left;">Ueli Hofer wurde 1952 in Lütiwil geboren, im Emmental, wo ihn die Natur zu schöpferischer Tätigkeit anregte. Nach der Prüfung zum Bäcker-Konditorenmeister schlug Ueli Hofer schon bald einen künstlerischen Weg ein. Erste Kleinode geschnittenen Papiers entstanden und in kurzer Zeit zeugten erfolgreiche Ausstellungen im In- und Ausland vom grossen Können des Autodidakten.</p>
<p style="text-align: left;"><a href="http://www.uelihofer.ch/wp-content/uploads/2016/01/kunstgeschichten.jpg" rel="attachment wp-att-11"><img loading="lazy" decoding="async" class="alignnone size-medium wp-image-11" src="http://www.uelihofer.ch/wp-content/uploads/2016/01/kunstgeschichten-300x196.jpg" alt="kunstgeschichten" width="300" height="196" srcset="https://www.uelihofer.ch/wp-content/uploads/2016/01/kunstgeschichten-300x196.jpg 300w, https://www.uelihofer.ch/wp-content/uploads/2016/01/kunstgeschichten-230x150.jpg 230w, https://www.uelihofer.ch/wp-content/uploads/2016/01/kunstgeschichten-350x229.jpg 350w, https://www.uelihofer.ch/wp-content/uploads/2016/01/kunstgeschichten.jpg 435w" sizes="auto, (max-width: 300px) 100vw, 300px" /></a></p>
<p style="text-align: left;">Öffnet Ueli Hofer heute seine Ateliertüren, weht daraus ein Wind von langem, entwicklungsreichem künstlerischem Schaffen. Spritziges, Unkonventionelles findet der Besucher in Form von Collagen. In ihnen lässt Hofer alles zu, vom Rost des Lebens bis zum letzten Wort.</p>
<p style="text-align: left;">In diese Richtung neu inspiriert hat ihn ein halbjähriger Aufenthalt in New York, den er im Jahr 03 als Kulturpreis des Kantons Bern empfangen konnte. Das Pulsierende dieser Stadt und das Finden von Merkwürdigkeiten in materieller und geistiger Richtung liessen ihn Idee um Idee umsetzen, so entstand zum Beispiel täglich ein spontanes Bild. Dem Spektrum von Kuriosität bis zu tiefgründiger menschlicher Erfahrung setzt Ueli Hofer nie Grenzen, alles darf sich zeigen und kombinieren. In dieser Weise erschafft Hofer auch seine Skulpturen aus Alteisen. Da werden grobe Haken mit feingeschwungenem Gitterwerk oder Figuren zusammen zu Objekten geschweisst, die noch Ewigkeiten überdauern werden.a</p>
<p style="text-align: left;">An Ausstellungen trifft man aber neben modernen Techniken auch immer wieder auf Scherenschnitte. Seiner eigenen Tradition treu bleibend, komponiert Ueli Hofer mit der Schere feinste und kostbarste Werke geschnittenen Papiers. Ausdrucksstark, mystisch und von unglaublicher Schönheit zeigt sich da das künstlerische Empfinden Hofers in Genauigkeit und es widerspiegelt das Können jahrelangen Eintauchens. Zentrale Themen und Fragen der menschlichen Psyche zwischen Leben, Traum und Tod werden in die Formen und die Vollkommenheit der Natur eingebettet.</p>
<p style="text-align: left;">Im Atelier Ueli Hofers findet man die gekonnte Paarung von langer Geschichte mit zeitgenössischer Präsenz.</p>
<p style="text-align: left;"><a href="http://www.uelihofer.ch/?page_id=15">Französische Version / version française</a></p>


<figure class="wp-block-image size-large"><a href="http://www.uelihofer.ch/wp-content/uploads/2023/10/Ueli-Hofer-2023-scaled.jpg"><img loading="lazy" decoding="async" width="683" height="1024" src="http://www.uelihofer.ch/wp-content/uploads/2023/10/Ueli-Hofer-2023-683x1024.jpg" alt="" class="wp-image-1042" srcset="https://www.uelihofer.ch/wp-content/uploads/2023/10/Ueli-Hofer-2023-683x1024.jpg 683w, https://www.uelihofer.ch/wp-content/uploads/2023/10/Ueli-Hofer-2023-200x300.jpg 200w, https://www.uelihofer.ch/wp-content/uploads/2023/10/Ueli-Hofer-2023-768x1152.jpg 768w, https://www.uelihofer.ch/wp-content/uploads/2023/10/Ueli-Hofer-2023-1024x1536.jpg 1024w, https://www.uelihofer.ch/wp-content/uploads/2023/10/Ueli-Hofer-2023-1365x2048.jpg 1365w, https://www.uelihofer.ch/wp-content/uploads/2023/10/Ueli-Hofer-2023-1000x1500.jpg 1000w, https://www.uelihofer.ch/wp-content/uploads/2023/10/Ueli-Hofer-2023-230x345.jpg 230w, https://www.uelihofer.ch/wp-content/uploads/2023/10/Ueli-Hofer-2023-350x525.jpg 350w, https://www.uelihofer.ch/wp-content/uploads/2023/10/Ueli-Hofer-2023-480x720.jpg 480w, https://www.uelihofer.ch/wp-content/uploads/2023/10/Ueli-Hofer-2023-scaled.jpg 1707w" sizes="auto, (max-width: 683px) 100vw, 683px" /></a></figure>

<p>Ueli Hofer wurde 1952 in Lütiwil geboren, im Emmental, wo ihn die Natur zu schöpferischer Tätigkeit anregte. Nach der Prüfung zum Bäcker-Konditorenmeister [&hellip;]</p>
